 -79. What is the units digit of z?
3
Let b(t) = t**2 + 12*t + 13. Let c be b(-11). Let u be c/(13/(-14) + 1). Suppose 0 = -m + u - 7. What is the units digit of m?
1
Suppose 0*y = y + x, -2*x - 16 = -2*y. Suppose y*r + r = 535. What is the hundreds digit of r?
1
Suppose z = -z - 22. What is the tens digit of -15 - z - -1*30?
2
Let i be (-4)/8*(-4)/2. Let f(m) = 8*m**2. Let w be f(i). Suppose 2*u + w = 50. What is the units digit of u?
1
Let g be ((-8)/(-10))/((-4)/240). Let a = 124 + g. What is the units digit of a?
6
Suppose 0 = -5*k + 2*v + 383 + 851, -4*v + 508 = 2*k. What is the hundreds digit of k?
2
Let z = 4874 - 2307. What is the units digit of z?
7
Suppose -4*n + 2*i = -n + 8, n = i - 2. What is the tens digit of n + 6 + (-3 - -35)?
3
Let u(v) = 2*v - 10. Let i be u(6). Suppose 5*y - 30 = 3*w, 0 - 4 = i*y + 2*w. What is the units digit of y?
3
Let w(o) = 9*o + 21. Let h be ((-6)/4)/(12/(-72)). Let a be w(h). Suppose -q - 8 + 63 = -4*d, 2*q - 4*d - a = 0. What is the units digit of q?
7
What is the tens digit of (-74 - -78) + 1620 + -2?
2
Let m(c) be the third derivative of -13/6*c**3 + 4*c**2 + 0 + 13/24*c**4 - 1/60*c**5 + 0*c. What is the units digit of m(9)?
3
Suppose 10*u - 2228 + 138 = 0. What is the tens digit of u?
0
Let h(f) = 4*f - 17*f - 3*f. Let n be h(-3). Let q = 118 - n. What is the tens digit of q?
7
Suppose -3*v + 523 = -1913. What is the tens digit of v?
1
Suppose 0 = -3*r - 0*r + 4*i + 110, -4*r = -5*i - 145. Suppose -2*s - r = 3*s. What is the tens digit of (4/s)/(3/(-63))?
1
Let k = -589 - -880. What is the hundreds digit of k?
2
Suppose v = -3*b - 5, -2*v - v + 5*b = -13. Let r = 3 - v. Suppose -r*i + 15 = -g, -10 = -i - 2*g - 0*g. What is the units digit of i?
8
Let q = 736 - 22. What is the tens digit of q?
1
Let m(h) = h**2 + 6*h + 154. What is the units digit of m(-25)?
9
Let n(u) = 5*u**2 - 3*u + 2. Let r be n(2). Suppose 0*h + 3*b = h - 16, h - 5*b = 24. Suppose -4*k + r = 0, k = -2*w + h*w - 30. What is the tens digit of w?
1
Let v(z) = z**2 - 3*z - 12. Let a be v(6). Suppose 131 = a*q - 229. What is the units digit of q?
0
Let s(p) = p**2 + 2*p + 4. Let b be s(-2). Suppose 4*i - 112 = b*f, -2*i - 5*f + 21 = -0*i. What is the tens digit of i?
2
Let t(x) = -x**2 + 9*x - 17. Let k be t(5). What is the units digit of k*1/(-4)*(-264)/22?
9
Suppose 33*r - 15711 + 4227 = 0. What is the tens digit of r?
4
Let b = -8 + 23. What is the units digit of 489/b + (-2)/(-5)?
3
Let k be 5/(-25)*0 + 2. Suppose 0*i + 2*i - k = 0, i - 52 = 3*y. Let u(j) = j**3 + 16*j**2 - 19*j + 18. What is the units digit of u(y)?
2
Let i = 7 + -2. Suppose 4*w = -u + 184, -i*u - 192 + 32 = -4*w. What is the tens digit of w?
4
Let m = 4 + 19. Suppose m*s = 19*s + 212. What is the tens digit of s?
5
Suppose -s + 2195 = -5*b, -3*b = 5*s - 8*s + 6537. What is the units digit of s?
5
Suppose 0 = -7*r + 1881 + 863. What is the tens digit of r?
9
Let d(f) = 4*f**2 + 30*f + 117. What is the thousands digit of d(-25)?
1
Suppose -3*d + 342 = 3*u + u, 4*u + 2*d = 340. Let o = u - 43. What is the units digit of o?
1
Suppose 5*h - 3*h = 8. Suppose -5*d + 68 = -82. Suppose h*k + k = d. What is the units digit of k?
6
Let g be 0/(-3 + 0)*1. Suppose g = -p + 6*p + 70. What is the units digit of (-1)/(2/(p*1))?
7
Let a(d) = 3*d**2 - 2*d**2 + 0*d**2 - 5 + 0 - 3*d. Let h be a(4). What is the units digit of -2 + h + 1 + 72?
0
Suppose 87*c = 93*c - 4860. What is the tens digit of c?
1
Let v(n) = -n**3 - 12*n**2 - 22*n + 6. Let r = -144 + 134. What is the tens digit of v(r)?
2
Suppose 2*b = 5*b + 3*o - 387, 2*b - 3*o = 278. Suppose 295 = b*w - 128*w. What is the tens digit of w?
5
Let f(s) = 18*s + 8. Let q be f(-4). What is the tens digit of ((-32)/q)/(2/620)?
5
Let y = 24 - 25. What is the hundreds digit of 1 - ((-103 - (y - 2)) + -1)?
1
Let i(c) = c**3 + 2*c**2 - 3*c + 2644. What is the hundreds digit of i(0)?
6
Let k be 9/6*-6 - 0. Let i be (-12)/k*(-1 + 4). Suppose -5*j + 122 = t, -3*j + 5*j - 40 = i*t. What is the tens digit of j?
2
Let l = 7488 - 4972. What is the hundreds digit of l?
5
Let n = -151 - -90. Let v = n + 88. Suppose -2*a - 45 = -5*m, a + v = 4*m - 9. What is the units digit of m?
9
Let u(a) = a**3 - 16*a**2 + 3*a - 14. Let m be u(16). Suppose 0 = 3*w - 5*d - m - 105, d = -4*w + 170. What is the tens digit of w?
4
Let x(n) = n**2 + n - 5. Let j be x(-4). Suppose -9*u + 170 = -j*u. What is the units digit of u?
5
What is the units digit of ((-482)/(-14))/(21/441)?
3
Suppose q - 5*w = 28, -2*w = w + 15. What is the hundreds digit of 151 - (q - -1 - 5)?
1
Let n(i) = 3*i**2 + 9*i - 76. Let t(f) = 5*f**2 + 17*f - 152. Let v(z) = 5*n(z) - 2*t(z). What is the tens digit of v(8)?
3
Suppose 941*c = 939*c + 3138. What is the units digit of c?
9
Suppose -233*b = -234*b + 1013. What is the hundreds digit of b?
0
Let r(x) = -x**3 - 7*x**2 - 8*x - 10. Let t be r(-7). Let m = t + -26. What is the tens digit of m?
2
Suppose -18 = -5*r - 2*m, 36 - 11 = 5*r - 5*m. Suppose 4*g - 2*a - 119 - 437 = 0, 3*a + 554 = r*g. What is the units digit of g?
0
Let s = 0 - -8. Let h = -4 + s. What is the units digit of ((-6)/h)/(12/(-112))?
4
Let r = 57 + -55. Suppose -3*j + r*j = -14. What is the tens digit of j?
1
Let m = -8 - -48. What is the units digit of m?
0
Let f = 65 - 61. Suppose 4*o - 320 = -4*q, 139 - 414 = -f*o + 5*q. What is the units digit of o?
5
Let l be 12*(0 + 1) - 2. What is the tens digit of (25/l)/((-2)/(-52))?
6
Suppose -y + 6*y + 4*d = -35990, 15 = -3*d. What is the hundreds digit of y/88*8/(-3)?
2
Let m(y) = 568 + 0*y**2 + y**2 - 577 + 8*y. Let k be m(-9). Suppose k = j - 3*d + 22 - 112, 0 = 5*j + 3*d - 360. What is the tens digit of j?
7
Suppose 102*o - 235 = 97*o. What is the tens digit of o?
4
Let z = 3488 - 2410. What is the hundreds digit of z?
0
Suppose u = -2*s + 2*u + 197, 4*s + 3*u = 409. What is the tens digit of s?
0
Let j be (4/(-4) - -9)*6. Suppose -52*z - 560 = -j*z. What is the tens digit of z/(-30)*42/4?
4
Let l(t) = -t**3 - 21*t**2 - 31*t + 87. What is the units digit of l(-21)?
8
Suppose 163 = -4*y - 41. What is the hundreds digit of (0 - y)*72/27?
1
Let h(m) = -363*m - 42. What is the thousands digit of h(-4)?
1
Suppose -5*n - 17 = -47. What is the tens digit of n + -2 - (-281 - -11)?
7
Suppose 0 = -11*l + 10*l - 21. Let m = -19 - l. What is the units digit of m*(-3 + 3 + 9)?
8
Let g be 110/33*(0 + -6). Let s = 97 + g. What is the units digit of s?
7
What is the tens digit of 3597 + (8 - (-21)/7)?
0
Let x(o) = -56*o + 4. What is the units digit of x(-4)?
8
Suppose 0*a - 5 = -a. Suppose 3*q - 15 = -3*v, -2*q = -3*q - 3*v + 9. Suppose -q*c + 32 = a. What is the units digit of c?
9
What is the units digit of ((-1464)/(-72))/((-2)/(-78) + 0)?
3
Suppose -m + 58 + 46 = 0. Suppose -41 = -9*p - m. Let d = 37 - p. What is the units digit of d?
4
Let k = 769 + -289. What is the units digit of k?
0
Let j be 1 + -2 + 0 + 6. Suppose -2*x - 4*a + 40 = -j*a, -4*a - 88 = -4*x. What is the units digit of x?
8
Let p(k) = -3 - k + 0*k + k**2 + k + 3*k. Let f be p(-6). Suppose -4*z + 36 = -3*r, 5*r = -z + 1 - f. What is the units digit of z?
6
Let j = -303 - -342. What is the tens digit of j?
3
Suppose -976 - 976 = -16*k. What is the tens digit of k?
2
Let b(k) = -7 + 2 + 6*k + 272*k**2 - 268*k**2 - 7*k**3. What is the units digit of b(-3)?
2
What is the tens digit of ((-1204)/84)/(1/(-39))?
5
Suppose -28 = -2*n + 10. Let u = 31 + -29. Suppose u*l - 7 = n. What is the units digit of l?
3
Let p be 1/(-3 + 15/6). What is the units digit of ((-816)/(-18)*-3)/(p/4)?
2
Let m be ((-1)/(-1))/(7/14). Suppose -2*k = -k + 5, -31 = -3*d + m*k. What is the units digit of d?
7
Let w be -1*4/(-10) + 2034/(-10). Let b = 304 + w. What is the hundreds digit of b?
1
Suppose -y = -a - 694, 0 = 3*a - 4*a + 4. What is the hundreds digit of y?
6
Let y be ((-24)/(-2))/((-4)/(-6)). Let z = 1 + y. Let w = -13 + z. What is the units digit of w?
6
Let h = -165 + -35. Let q(g) = g**2 - 25*g - 72. Let p be q(27). What is the units digit of (-4)/p - h/72?
3
Suppose 3*z - 5 = 4. Suppose v + 5*p = 134, -p + 3*p + 436 = z*v. What is the units digit of v?
4
Let t(x) = 12*x**3 - 6*x**2 + 6*x - 17. What is the hundreds digit of t(4)?
6
Let o be (0 - 1) + 0 + 3. Suppose 0 = -3*u - 3*